9?
0
What is the units digit of 97891354?
4
What is the hundred millions digit of 751371623?
7
What is the ten thousands digit of 181255801?
5
What is the units digit of 238242393?
3
What is the hundred thousands digit of 78684457?
6
What is the ten millions digit of 957784975?
5
What is the thousands digit of 194823156?
3
What is the units digit of 487490942?
2
What is the hundred millions digit of 1103840353?
1
What is the hundred thousands digit of 102532138?
5
What is the millions digit of 31961289?
1
What is the tens digit of 1458139190?
9
What is the thousands digit of 65146122?
6
What is the hundreds digit of 124008488?
4
What is the thousands digit of 56435310?
5
What is the hundred millions digit of 1144098813?
1
What is the hundreds digit of 410303241?
2
What is the hundred thousands digit of 190852307?
8
What is the hundred thousands digit of 3311672948?
6
What is the hundreds digit of 3749794356?
3
What is the tens digit of 291540016?
1
What is the ten millions digit of 625964210?
2
What is the millions digit of 42737859?
2
What is the units digit of 60034870?
0
What is the ten millions digit of 95400347?
9
What is the units digit of 4042108292?
2
What is the hundreds digit of 1186822682?
6
What is the units digit of 129346933?
3
What is the tens digit of 71485680?
8
What is the hundreds digit of 4456490726?
7
What is the ten millions digit of 3800071051?
0
What is the tens digit of 430210423?
2
What is the hundreds digit of 4639013789?
7
What is the units digit of 1654314492?
2
What is the thousands digit of 1406623623?
3
What is the ten millions digit of 420598591?
2
What is the ten millions digit of 173904762?
7
What is the hundred millions digit of 225555543?
2
What is the units digit of 10317649?
9
What is the billions digit of 1924238622?
1
What is the millions digit of 170485146?
0
What is the hundred thousands digit of 2154282447?
2
What is the ten millions digit of 936622151?
3
What is the ten millions digit of 24578365?
2
What is the hundred thousands digit of 854986565?
9
What is the hundreds digit of 32992437?
4
What is the hundred thousands digit of 86036212?
0
What is the tens digit of 200444754?
5
What is the tens digit of 299220017?
1
What is the ten millions digit of 254497254?
5
What is the thousands digit of 388669809?
9
What is the millions digit of 581037685?
1
What is the thousands digit of 1593819399?
9
What is the hundred millions digit of 164830985?
1
What is the tens digit of 3083845075?
7
What is the ten thousands digit of 97352730?
5
What is the tens digit of 29044865?
6
What is the tens digit of 97746327?
2
What is the thousands digit of 31925051?
5
What is the tens digit of 4077777023?
2
What is the ten millions digit of 2364644761?
6
What is the tens digit of 86309126?
2
What is the thousands digit of 107916410?
6
What is the hundreds digit of 2343244784?
7
What is the ten millions digit of 46031457?
4
What is the hundreds digit of 5825465733?
7
What is the millions digit of 965463057?
5
What is the ten thousands digit of 33741002?
4
What is the millions digit of 19493043?
9
What is the ten thousands digit of 15964913?
6
What is the ten thousands digit of 456526287?
2
What is the tens digit of 217821279?
7
What is the ten millions digit of 208963570?
0
What is the millions digit of 468814326?
8
What is the hundreds digit of 34303920?
9
What is the ten thousands digit of 54254052?
5
What is the hundred thousands digit of 51639933?
6
What is the thousands digit of 1814353460?
3
What is the units digit of 2626482233?
3
What is the hundreds digit of 1154690?
6
What is the tens digit of 51700041?
4
What is the tens digit of 4159187?
8
What is the millions digit of 55058900?
5
What is the ten millions digit of 119151853?
1
What is the ten thousands digit of 845206914?
0
What is the tens digit of 60588278?
7
What is the units digit of 6660275993?
3
What is the thousands digit of 89728953?
8
What is the millions digit of 609608374?
9
What is the ten millions digit of 2527167984?
2
What is the ten millions digit of 1039665315?
3
What is the hundreds digit of 339604309?
3
What is the millions digit of 473593830?
3
What is the tens digit of 36421718?
1
What is the hundred millions digit of 674545620?
6
What is the thousands digit of 94040420?
0
What is the units digit of 23254679?
9
What is the thousands digit of 894376473?
6
What is the hundred thousands digit of 177434603?
4
What is the tens digit of 24835773?
7
What is the billions digit of 1715127528?
1
What is the hundreds digit of 2573807330?
3
What is the thousands digit of 108573517?
3
What is the ten millions digit of 61015431?
6
What is the hundred thousands digit of 621644818?
6
What is the ten thousands digit of 11016701?
1
What is the units digit of 683430413?
3
What is the ten millions digit of 3314591974?
1
What is the millions digit of 951991203?
1
What is the hundred millions digit of 348608671?
3
What is the tens digit of 3371627464?
6
What is the ten thousands digit of 37227057?
2
What is the millions digit of 20034827?
0
What is the hundred millions digit of 123396992?
1
What is the hundreds digit of 616487910?
9
What is the hundred thousands digit of 22636721?
6
What is the hundred millions digit of 440382023?
4
What is the hundred millions digit of 185004296?
1
What is the tens digit of 810779?
7
What is the ten thousands digit of 4451208394?
0
What is the hundred thousands digit of 1438658583?
6
What is the millions digit of 3744016380?
4
What is the millions digit of 1375655971?
5
What is the tens digit of 92782174?
7
What is the millions digit of 228227142?
8
What is the hundred thousands digit of 62786418?
7
What is the units digit of 294274829?
9
What is the millions digit of 6441405853?
1
What is the ten thousands digit of 596404687?
0
What is the millions digit of 1258589606?
8
What is the ten thousands digit of 442524220?
2
What is the units digit of 15515844?
4
What is the ten thousands digit of 74783637?
8
What is the ten thousands digit of 670692770?
9
What is the thousands digit of 73360766?
0
What is the hundred millions digit of 443709573?
4
What is the ten thousands digit of 879182336?
8
What is the tens digit of 70693761?
6
What is the hundreds digit of 61068940?
9
What is the hundred thousands digit of 822325885?
3
What is the hundred thousands digit of 202419255?
4
What is the ten millions digit of 106257463?
0
What is the hundred thousands digit of 467906682?
9
What is the tens digit of 540183755?
5
What is the tens digit of 6013321?
2
What is the millions digit of 136181339?
6
What is the units digit of 192557384?
4
What is the ten millions digit of 77187986?
7
What is the ten thousands digit of 41452318?
5
What is the hundred thousands digit of 148083928?
0
What is the millions digit of 7586315397?
6
What is the units digit of 69797383?
3
What is the tens digit of 61160190?
9
What is the units digit of 1025442590?
0
What is the ten thousands digit of 3546321639?
2
What is the tens digit of 1856503208?
0
What is the thousands digit of 202478507?
8
What is the ten thousands digit of 280660202?
6
What is the millions digit of 189847376?
9
What is the hundreds digit of 980972383?
3
What is the millions digit of 27791855?
7
What is the units digit of 19852265?
5
What is the units digit of 59115830?
0
What is the hundred thousands digit of 79389753?
3
What is the ten thousands digit of 138070537?
7
What is the hundreds digit of 686211299?
2
What is the hundred thousands digit of 285183474?
1
What is the hundred thousands digit of 26068858?
0
What is the hundred thousands digit of 1080128258?
1
What is the millions digit of 155182031?
5
What is the ten thousands digit of 663207105?
0
What is the thousands digit of 335514808?
4
What is the hundreds digit of 11919441?
4
What is the hundred thousands digit of 1837675403?
6
What is the millions digit of 181358695?
1
What is the thousands digit of 457045450?
5
What is the ten thousands digit of 9761000?
6
What is the thousands digit of 168869613?
9
What is the hundred millions digit of 552481527?
5
What is the millions digit of 3552890805?
2
What is the millions digit of 4420101?
4
What is the ten thousands digit of 912834938?
3
What is the thousands digit of 1333345460?
5
Wha